. What is the highest common divisor of g and y?
19
Let a(n) = -63*n. Let h = -6 - -4. Let r be a(h). Suppose 0 = -3*i + r + 6. Calculate the highest common factor of i and 11.
11
Let r = -9 - -19. Suppose -r = 3*a - 40. Suppose -54*f - 3*f = -1140. What is the greatest common factor of a and f?
10
Suppose 36 = v - 0*v. Let m be (-1189)/(-3) - 1/3. Calculate the greatest common divisor of m and v.
36
Let h be ((-13)/26)/(2/(-728)). Calculate the highest common divisor of 28 and h.
14
Suppose 19*m - 16*m = 12. Suppose -m*h = 4*y - 28, 4*h + 3 = 7*h. Let p be ((-224)/(-21))/(4/y). Calculate the greatest common factor of 144 and p.
16
Let j(o) = 6*o**2 - 6*o + 3. Let g be j(4). Let p = 23 - 42. Let h = 34 + p. Calculate the highest common divisor of g and h.
15
Let s = 38 + 201. Let m = -141 + s. What is the greatest common factor of 14 and m?
14
Let x = 56 - 48. Let b be 2*-1 + 400/x + -2. Calculate the highest common divisor of b and 23.
23
Let s(i) = i**3 + 37*i**2 + 36*i + 12. Let p be s(-36). Suppose p*j = 16 + 44. Let w be -5*(1 - 2 - 0). What is the highest common factor of j and w?
5
Suppose 1176 = 16*s - 6040. What is the highest common divisor of 11 and s?
11
Let w be ((-24)/(-9) - -2)*(-2106)/(-91). What is the highest common factor of 30 and w?
6
Let d(f) = 2*f**3 + 12*f**2 - 18*f - 8. Let n(u) = u - 7. Let q be n(0). Let t be d(q). Calculate the highest common factor of 4 and t.
4
Let m be 1/2*(2 - 16). Let y be (-727)/m - (-6)/42. Suppose 0 = -4*j - 5*f + 19 + 33, 5*j - f = 65. What is the highest common divisor of y and j?
13
Let w be -11 + 8 + 80 + -8. Suppose 0 = 4*y + 11 - 35. Let x be 6/4*92/y. Calculate the greatest common factor of w and x.
23
Let h be 4/14 - (-5516)/(-98). Let a be (1 - 3)*h/8. What is the highest common factor of 28 and a?
14
Suppose -891 = 3*u - 6*u. Let l(o) = 5*o**2 + 22*o - 37. Let c be l(2). What is the greatest common factor of c and u?
27
Suppose -4*q = -17 - 7. Suppose -q*j + j = -80. Calculate the greatest common divisor of j and 16.
16
Let h(q) = q - 52. Let x be h(63). What is the greatest common factor of 20 and x?
1
Let j be ((-180)/8)/(39/(-130)). What is the greatest common divisor of 975 and j?
75
Suppose 2*g + 3*x - 3 = -2*x, 2*g - 4 = -4*x. Suppose 7 - 3 = g*o. Suppose -4*l + 22 + 6 = 0. What is the highest common divisor of o and l?
1
Let y = 25 + -17. Let x be (-2)/(-3)*(-270)/(-6). Suppose -5*u = 2*q - x, -5*u = q - 12 + 2. Calculate the greatest common factor of y and q.
4
Let m = 242 + -202. What is the highest common divisor of 120 and m?
40
Let o = 18 + -62. Let c be (2 - 3 - o) + 2. What is the greatest common divisor of 15 and c?
15
Let z be (-1 - 5/15)/((-1)/(-3)). Let h be 1*(-1 - -1*(z + 140)). Calculate the greatest common divisor of 15 and h.
15
Let g be (22/(-10) + 3)*(7 + 3). Suppose -g*q + 672 = -4*q. What is the highest common divisor of q and 24?
24
Suppose 5*q - 4*z - 5 = 0, 7*z - 30 = -2*q + 3*z. Suppose 70 = q*j - 40. What is the highest common factor of j and 2?
2
Let c be (-12 + 1)/(0 - 1). Let a be -4 + (3 - -27) + -4. Calculate the greatest common factor of c and a.
11
Let a = -177 - -279. What is the highest common divisor of 408 and a?
102
Let s be 4/10 + (-96)/(-10) + 3. Calculate the greatest common divisor of s and 221.
13
Let h(q) = q + 2. Let p be h(-8). Let g = p - -11. What is the greatest common divisor of 20 and g?
5
Let k(u) = u**2 - 9*u - 8. Let s be k(10). Let q be (-14)/(0 - (s + -3)). Let p = -4 - q. What is the greatest common factor of p and 10?
10
Suppose -297 + 11 = -13*d. Let x be (5 - 2)/(1/3). Suppose -y + x = -13. Calculate the greatest common divisor of y and d.
22
Let r = 449 + -359. Let f(l) = 16*l**2 + l - 2. Let q be f(-2). What is the highest common divisor of q and r?
30
Let y = 751 - 421. Calculate the highest common divisor of y and 30.
30
Let a be (-372)/42 + (-1)/7. Let r(l) = l**3 + 13*l**2 + 19*l + 8. Let z be r(a). What is the greatest common factor of 23 and z?
23
Let c = -614 + 621. What is the greatest common divisor of 133 and c?
7
Let g be (1 - 5)*150/(-8). Suppose 0 = -y + 4*y - g. Suppose 0 = 3*u - 5*k - 625, 178 + 212 = 2*u + 2*k. Calculate the highest common divisor of y and u.
25
Suppose -z + 35 + 1 = 2*u, 0 = u + 4*z - 25. Calculate the greatest common divisor of u and 51.
17
Suppose 4 = -0*v + v, 2*v = -b + 52. Suppose -4*y = -b - 36. Suppose -2*u = -0*u + 2*m - 12, -3*m + 3 = 0. Calculate the highest common divisor of u and y.
5
Suppose -6 - 10 = 4*h. Let l be 14 + h + 4 + 2. Suppose u = -3*u + l. What is the greatest common factor of u and 10?
2
Suppose 42*z - 467 = 121. Calculate the greatest common factor of z and 294.
14
Suppose d + 3*o + 20 = 3*d, -2*d + 16 = -4*o. Let z(i) = i**3 - 4*i**2 - 8*i. Let t be z(6). What is the greatest common factor of d and t?
8
Let u be ((-1)/3 - 0) + (-26)/(-6). Suppose u*h = 3*h + 2. What is the highest common factor of h and 2?
2
Let m be (12/4)/((-6)/(-20)). Let a be (1 + -3)/((-62)/310). What is the greatest common divisor of m and a?
10
Let d be (-1)/(-6) - (-5758)/12. What is the highest common factor of 96 and d?
96
Suppose 5*w = -2*l + 293, 4*l = -l + 5*w + 715. Suppose 0 = 2*h + h + l. Let y = 0 - h. What is the greatest common divisor of y and 6?
6
Suppose -3*f - 6*i + i = -365, 0 = -3*f + 2*i + 379. Suppose -2*w + 2*x = -3*x - f, -4*w + 2*x = -210. What is the greatest common divisor of w and 10?
10
Suppose -5*z = -3*c - 14, 4*c - 2*c = -2*z + 12. Suppose -3*y + 0 - 1 = -f, -2*f + z*y + 10 = 0. What is the highest common factor of 65 and f?
13
Suppose -7*w = -2*w - 30. Let o(h) = 4*h**2 - 10*h + 12. Let u be o(w). What is the highest common factor of u and 12?
12
Suppose -4*g + 435 + 48 = 5*q, 5*q = -2*g + 249. Let m be 2/9 - (-115)/9. What is the greatest common factor of g and m?
13
Let l be (-6141)/(-6) - 2/(-4). Suppose 0 = -0*b - 4*b + l. Let o(q) = 21*q - 115. Let j be o(7). Calculate the greatest common factor of j and b.
32
Let u = -5524 + 5531. Suppose 4*b - 144 = -j, 3*j + j = -2*b + 86. Calculate the greatest common factor of b and u.
7
Let w be 4/22 - 4/22. Suppose 1 = o - w*o. Suppose m - 3*r - 2 - o = 0, -28 = -2*m - 5*r. Calculate the highest common factor of 9 and m.
9
Suppose 18*r = 3506 + 58. What is the greatest common factor of 22 and r?
22
Let k = 56 + 24. Let u = k + -72. Calculate the greatest common divisor of 8 and u.
8
Let t be 1 + -1 + (6 - 5). Suppose 0 = i - t - 1, 0 = -2*n + 3*i + 2. Suppose n*o - 15 = 3*o. Calculate the greatest common factor of o and 3.
3
Suppose -19*n + 186 + 156 = 0. Suppose -2*c + 70 = y - 5*y, -y - 31 = -c. Calculate the greatest common factor of n and c.
9
Let m be 1 + -1 + (-52)/(-1). Suppose 19*x = -4*x + 598. Calculate the highest common factor of m and x.
26
Let s = 970 + -629. What is the highest common factor of 93 and s?
31
Let t(s) = 3*s**2 + 5*s + 11. Let w be t(-2). What is the greatest common divisor of w and 104?
13
Suppose -5*n + 2*k = k - 25, -4*n + 6 = 2*k. What is the greatest common factor of 106 and n?
2
Suppose -3*m + 45 = -27. Let s be (1 - 5) + m/3. Calculate the greatest common divisor of s and 10.
2
Suppose 0 = 5*n + 68 + 7. Let u be 3/n + (-7)/(-35). Suppose u = -4*b + 4*t + 44, 5*b - 4*t = 4*b + 20. Calculate the highest common factor of 72 and b.
8
Suppose -1064*x = -1069*x + 25. What is the greatest common divisor of 65 and x?
5
Let p = 27 + -15. Let r be (-12)/((-4)/p*1). Let x = -239 + 248. Calculate the greatest common factor of x and r.
9
Let x = 124 - 64. Calculate the highest common divisor of 40 and x.
20
Let p(r) = 13*r**2 + 5 - 1 - 4. Let w be p(-1). Suppose v = 3*o + 28, -8 - 56 = -3*v + 5*o. Calculate the greatest common divisor of v and w.
13
Let y be (279*8/72)/((-2)/(-150)). What is the highest common factor of y and 93?
93
Let k = 2213 - 1463. Calculate the greatest common factor of k and 6.
6
Suppose 0 = 4*g - 808 + 304. Let m(i) = 3*i**2 + i - 1. Let c be m(-2). Let s be 124/c + 6*1/27. What is the greatest common factor of g and s?
14
Let z be ((-2)/(-6))/((-294)/(-72) + -4). Suppose 0 = 5*d + 8*v - z*v - 100, 0 = 3*d - 2*v - 82. What is the highest common divisor of 60 and d?
12
Suppose 0 = -2*t + t + 22. Suppose -4*b + 30 = -5*o - 73, -4*o - 100 = -4*b. What is 